prime factors of 3386900040?
2, 3, 5, 31, 910457
What are the prime factors of 295199082?
2, 3, 53, 309433
What are the prime factors of 1591951406?
2, 795975703
List the prime factors of 608757581.
12941, 47041
List the prime factors of 2204305297.
877, 2513461
What are the prime factors of 465612822?
2, 3, 19, 1361441
What are the prime factors of 53921431?
31, 1739401
What are the prime factors of 234057985?
5, 7, 29, 89, 2591
What are the prime factors of 40477230?
2, 3, 5, 79, 5693
What are the prime factors of 434709008?
2, 27169313
What are the prime factors of 56985616?
2, 863, 4127
List the prime factors of 3910277840.
2, 5, 7, 23, 303593
What are the prime factors of 2480553971?
7, 354364853
What are the prime factors of 1067488083?
3, 599, 198013
What are the prime factors of 56526984?
2, 3, 83, 1051
What are the prime factors of 596753578?
2, 298376789
What are the prime factors of 8416506452?
2, 2104126613
What are the prime factors of 82508846?
2, 7, 841927
List the prime factors of 105878161.
105878161
List the prime factors of 54156888.
2, 3, 223, 3373
List the prime factors of 3919171463.
59021, 66403
List the prime factors of 1904278336.
2, 59, 504311
List the prime factors of 376954298.
2, 7, 37, 727711
What are the prime factors of 802310773?
11, 769, 94847
List the prime factors of 137239649.
3583, 38303
List the prime factors of 4628787551.
13613, 340027
What are the prime factors of 434583257?
17, 19, 641, 2099
List the prime factors of 1095201.
3, 4507
List the prime factors of 6252553012.
2, 17, 83, 1107823
List the prime factors of 1299357212.
2, 2909, 111667
What are the prime factors of 69488177?
11, 127, 49741
List the prime factors of 1072868298.
2, 3, 73, 2449471
List the prime factors of 312958252.
2, 2083, 37561
What are the prime factors of 92925169?
1459, 63691
List the prime factors of 1114754.
2, 557377
List the prime factors of 2102202871.
2102202871
List the prime factors of 35768406.
2, 3, 5961401
What are the prime factors of 339955569?
3, 149, 84503
What are the prime factors of 177408407?
11, 23, 701219
What are the prime factors of 16922031?
3, 7, 805811
What are the prime factors of 214327007?
17, 43, 449, 653
List the prime factors of 230576344.
2, 179, 161017
List the prime factors of 5955746.
2, 17, 47, 3727
List the prime factors of 231429264.
2, 3, 11, 438313
List the prime factors of 2144844262.
2, 11, 409, 238369
List the prime factors of 237645566.
2, 31, 3832993
What are the prime factors of 38833206?
2, 3, 53, 122117
What are the prime factors of 1426938418?
2, 17, 19, 116257
What are the prime factors of 9968600?
2, 5, 49843
List the prime factors of 964382906.
2, 31, 113, 179, 769
What are the prime factors of 13852514?
2, 13, 532789
List the prime factors of 2300804810.
2, 5, 19, 31, 577, 677
What are the prime factors of 4632603085?
5, 11, 19, 83, 53411
List the prime factors of 1469297361.
3, 7, 41, 1706501
What are the prime factors of 844870306?
2, 7, 6733, 8963
What are the prime factors of 973040387?
11, 233, 379649
List the prime factors of 452297781.
3, 13, 31, 124703
What are the prime factors of 434568661?
83, 1361, 3847
List the prime factors of 418479454.
2, 29, 67, 113, 953
List the prime factors of 387798361.
387798361
What are the prime factors of 280957031?
223, 677, 1861
List the prime factors of 2155235749.
9059, 237911
List the prime factors of 6294430.
2, 5, 313, 2011
What are the prime factors of 110614794?
2, 3, 18435799
List the prime factors of 102868198.
2, 293, 175543
List the prime factors of 103686922.
2, 67, 11549
What are the prime factors of 72404740?
2, 5, 1733, 2089
List the prime factors of 85462664.
2, 7, 23, 9479
What are the prime factors of 1042469102?
2, 15569, 33479
List the prime factors of 7072644.
2, 3, 589387
List the prime factors of 1204726750.
2, 5, 4818907
What are the prime factors of 136861707?
3, 23, 1983503
What are the prime factors of 691266389?
11, 62842399
What are the prime factors of 1409481581?
79, 17841539
What are the prime factors of 4545785797?
7, 229, 1327, 2137
List the prime factors of 3302277469.
3302277469
List the prime factors of 318087209.
11, 1621, 17839
What are the prime factors of 121526155?
5, 24305231
List the prime factors of 36740792.
2, 11, 417509
List the prime factors of 263551087.
4483, 58789
What are the prime factors of 622266350?
2, 5, 3109, 4003
List the prime factors of 36151931.
977, 37003
List the prime factors of 53780374.
2, 19, 1415273
What are the prime factors of 89533605?
3, 5, 7, 19, 44879
What are the prime factors of 953911166?
2, 13, 41, 211, 4241
List the prime factors of 127808957.
1051, 121607
List the prime factors of 72377693.
199, 401, 907
What are the prime factors of 61178435?
5, 12235687
What are the prime factors of 547326689?
7, 13, 179, 33601
List the prime factors of 4654716251.
3637, 1279823
List the prime factors of 561386929.
13309, 42181
What are the prime factors of 90493572?
2, 3, 13, 29, 83, 241
List the prime factors of 41738055.
3, 5, 941, 2957
List the prime factors of 23536506.
2, 3, 7, 560393
What are the prime factors of 958225794?
2, 3, 2657, 60107
List the prime factors of 11226398.
2, 1049, 5351
List the prime factors of 491207595.
3, 5, 32747173
List the prime factors of 16913447.
16913447
What are the prime factors of 705635170?
2, 5, 23, 3067979
What are the prime factors of 13218910?
2, 5, 1321891
List the prime factors of 27395084.
2, 163, 42017
List the prime factors of 607366235.
5, 7, 17353321
What are the prime factors of 6056925333?
3, 2018975111
What are the prime factors of 1409657003?
43, 32782721
List the prime factors of 45412847.
45412847
What are the prime factors of 61600509?
3, 23, 523, 569
List the prime factors of 519112613.
519112613
List the prime factors of 423821359.
13, 32601643
What are the prime factors of 3519007?
163, 21589
What are the prime factors of 1218455409?
3, 406151803
List the prime factors of 235468642.
2, 117734321
What are the prime factors of 209114115?
3, 5, 7, 284509
What are the prime factors of 2006388382?
2, 17, 41, 83, 17341
What are the prime factors of 299625233?
6733, 44501
What are the prime factors of 1305609250?
2, 5, 11, 223, 2129
What are the prime factors of 5741895?
3, 5, 19, 20147
What are the prime factors of 1875626492?
2, 468906623
What are the prime factors of 246326980?
2, 5, 12316349
What are the prime factors of 3744009135?
3, 5, 1027163
List the prime factors of 36921022.
2, 1553, 11887
List the prime factors of 285929454.
2, 3, 109, 437201
List the prime factors of 46278983.
29, 1595827
List the prime factors of 412734144.
2, 3, 1187, 1811
What are the prime factors of 76459932?
2, 3, 83, 25589
What are the prime factors of 109254920?
2, 5, 17, 160669
What are the prime factors of 217895034?
2, 3, 7, 5187977
List the prime factors of 357600368.
2, 19, 991, 1187
What are the prime factors of 4793529?
3, 13, 19, 6469
What are the prime factors of 130277824?
2, 2035591
What are the prime factors of 451940159?
11, 41085469
List the prime factors of 153822767.
7, 21974681
What are the prime factors of 842103930?
2, 3, 5, 28070131
What are the prime factors of 280120656?
2, 3, 157, 37171
What are the prime factors of 175516334?
2, 7, 457, 3919
List the prime factors of 7937289535.
5, 7, 23, 431, 22877
What are the prime factors of 274183958?
2, 137091979
List the prime factors of 11510229.
3, 3836743
What are the prime factors of 286383119?
11, 26034829
What are the prime factors of 375640219?
29, 127, 3517
What are the prime factors of 578639611?
11, 1051, 50051
What are the prime factors of 239748039?
3, 167, 53171
List the prime factors of 679947288.
2, 3, 83, 341339
What are the prime factors of 3434469765?
3, 5, 228964651
List the prime factors of 95965714.
2, 13, 17, 217117
What are the prime factors of 57743364?
2, 3, 7, 14029
What are the prime factors of 3293657?
31, 181, 587
List the prime factors of 2175657533.
7, 7793, 39883
List the prime factors of 2105606725.
5, 84224269
List the prime factors of 37293125.
5, 59669
List the prime factors of 4316783741.
71, 463, 131317
What are the prime factors of 2085937734?
2, 3, 31, 11214719
What are the prime factors of 5145607952?
2, 457, 